ommon factor of 10 and j?
10
Let v(j) = -2*j + 2. Let q be v(-5). Suppose 0*c + 92 = 3*o - 5*c, 175 = 5*o - 4*c. Suppose 3*w + 3 = o. What is the highest common factor of w and q?
12
Let w be 2*-3 - (-8 - 166). Suppose 0 = -2*z + 11*b - 10*b + 156, -2*z + w = 2*b. What is the greatest common factor of 8 and z?
8
Let d = 533 - 837. Let x = d + 306. What is the highest common factor of 16 and x?
2
Suppose 2064 - 5843 - 3488 = -13*z. What is the greatest common divisor of z and 273?
13
Suppose 4*w - 39 = 45. Let z be 18/81 - 55/45. Let f(d) = -42*d + 21. Let x be f(z). Calculate the greatest common divisor of w and x.
21
Let m be 63/((-28665)/350)*26/(-4). Calculate the highest common factor of m and 8390.
5
Suppose 2*n = 4*s - 2*s + 80, 4*n - 132 = -3*s. Suppose c + y = 53, 6*c = 3*c - y + 161. What is the greatest common factor of n and c?
18
Let m = 591150 - 590774. Let s be -53 - 4/(3 + -1). Let z = -8 - s. Calculate the greatest common divisor of m and z.
47
Suppose -20*s - 393 = -23*s. Suppose s = 4*w - 65. Suppose 4*k + m - 47 = 0, -k = 4*k - 2*m - w. Calculate the highest common factor of k and 11.
11
Let d be (((-36)/150)/6*-25)/((-1)/(-232)). Calculate the greatest common factor of 290 and d.
58
Let u be (-124 - -64)*134/(-4). What is the greatest common divisor of 18 and u?
6
Let v(d) = -d**3 + 67*d**2 - 22*d - 903. Let p be v(66). What is the highest common divisor of 783 and p?
87
Suppose 42*h - 80 - 225 = -53. Calculate the highest common factor of 2430 and h.
6
Let i(v) = v**3 - 5*v**2 + 6*v - 13. Let f be i(6). Suppose 10*k - 235 = 5*k + 5*r, k = -5*r + f. What is the highest common factor of k and 784?
49
Let d(m) = 120*m + 13570. Let h be d(-98). Calculate the greatest common factor of 10 and h.
10
Suppose 62*h - 22661 - 10598 - 25579 = 0. Calculate the greatest common factor of 65 and h.
13
Let d be (4 + -3 + 0 + 0)*3. Suppose -216 = -3*l + 2*u - 0*u, -d*u - 149 = -2*l. Calculate the greatest common factor of 245 and l.
35
Let v be 10/4*((-19448)/(-65) - -24). What is the greatest common factor of v and 2323?
101
Let n = -828 + 8248. Calculate the highest common divisor of n and 35.
35
Let u = -12 + 14. Let t = -1544 + 1546. What is the highest common divisor of u and t?
2
Let t = 4142 + -4135. What is the highest common divisor of 12236 and t?
7
Let r(g) = -7*g + 56. Let q be r(-12). Suppose -2*m + 70 = -2*u - u, 3*m = -5*u + 105. What is the greatest common divisor of m and q?
35
Let v(i) = -48*i - 160. Let j be v(-6). Calculate the highest common factor of j and 896.
128
Let m be 40/(-30) + (-960)/(-45). What is the greatest common factor of m and 115?
5
Let w be -2 - -31 - (36/6 + -7). Let i be w*(-6 - 44/(-6)). Suppose -1325 = -0*k - 3*k + 5*s, s = -5*k + 2199. Calculate the highest common divisor of k and i.
40
Let t = -5342 - -5492. What is the greatest common divisor of t and 4000?
50
Suppose -331*t = -7807 - 6757. Let r = 11 + -7. Suppose -o + 5*o + 4*j - 88 = 0, 5*o - 110 = r*j. What is the greatest common factor of o and t?
22
Let v = -281 - -285. Suppose 0*z + z - 3*a = 213, v*a = 5*z - 1032. What is the highest common divisor of 12 and z?
12
Suppose 72*c - 186*c + 7488 = -36*c. What is the greatest common factor of 10968 and c?
24
Let y be (-94192)/(-1344) + (-2)/24. What is the greatest common divisor of y and 3605?
35
Let p(z) = -6*z**3 - 330*z**2 - 20*z + 113. Let f be p(-56). Calculate the highest common divisor of 123 and f.
123
Let r be (-34)/119 + 324/7. Suppose 0*k - k + 37 = 2*a, a - 5*k - r = 0. What is the greatest common divisor of a and 105?
21
Suppose n = 15 + 8. Let c(o) = -32*o + 29. Let v(w) = w**2 + 18*w + 10. Let t be v(-17). Let h be c(t). Calculate the highest common factor of n and h.
23
Let z be 28 + -1*(-2)/(-2). Let m = 122803 - 122797. What is the greatest common factor of z and m?
3
Let d(r) = 1. Let n(o) = o**3 + 7*o**2 + 3*o - 13. Let z(l) = 2*d(l) + n(l). Let b be z(-6). Calculate the greatest common factor of 21 and b.
7
Suppose -4*v - 781*s + 786*s = -19956, s - 19908 = -4*v. Calculate the highest common factor of v and 13.
13
Suppose 0 = v - 2*v. Let n = 586 - 583. Suppose -c + 151 = 2*d, -6*c + n*c - 9 = v. Calculate the highest common factor of 11 and d.
11
Let v be (-2)/(-4)*(6 - 3)/((-87)/(-292610)). What is the greatest common factor of v and 5?
5
Suppose -150*l - 1748 + 46298 = 0. Calculate the greatest common divisor of l and 55.
11
Let h be (208 + (-9 - -2) - 9) + (-8)/(-1). What is the highest common divisor of 2075 and h?
25
Suppose 0 = 3753*s - 3688*s - 40040. What is the greatest common divisor of s and 4088?
56
Let z be 237/(-1896) + 11170/16 + 1 + 1. What is the greatest common divisor of 21 and z?
7
Let l = -45 - -90. Let a(u) = 16*u**2 + 59*u - 42. Let r be a(-6). What is the highest common divisor of r and l?
45
Let z be (-91)/(-182) - -2*37/(-4). Let v be (z/36)/(1/(-18)) + -1. Suppose 5 = 2*y - 7. What is the highest common factor of y and v?
2
Let g be 5 + 2 + 6 + -6 + 0. Let l be ((-8)/(-6) + 1)*6. Suppose 1 = 3*w + 5*i, 3*w - 15 = 2*i + l. What is the greatest common factor of w and g?
7
Let k be (-5)/((-705)/(-1411) + (-15)/30). What is the greatest common factor of 340 and k?
170
Let p be 16/((-5)/((-945)/(-57)) + 12/27). Let w = -3 - -1. Let b be (-57)/(-2) - (-1)/w. What is the greatest common factor of b and p?
28
Let j = 86713 + -86710. Let q be 2/((-2)/(-16)*1). Let w = q - 4. What is the greatest common factor of j and w?
3
Let p(z) = 5*z**2 + 8*z + 232. Let g be p(-16). Calculate the highest common divisor of g and 173.
173
Let t be ((-160)/(-50))/((-6)/(-435)). Let g(f) = 2*f**2 + 6*f - 7. Let o be g(3). Calculate the highest common factor of t and o.
29
Let s = -14016 + 14119. What is the greatest common divisor of s and 2781?
103
Suppose a + 5*x - 10 = -a, -4*x + 29 = 3*a. Suppose 13*f - a*f = -208. Suppose g + 75 = f. Calculate the greatest common divisor of 58 and g.
29
Let o = -27639 - -31230. What is the greatest common divisor of 324 and o?
27
Suppose 3*i - 314*p - 3711 = -310*p, i - 5*p - 1226 = 0. What is the highest common divisor of i and 34?
17
Suppose -5*o + 8 = 2*t - 8, 14 = o - 5*t. Let x be 4 - (-5)/(5/o). Let g(f) = -13*f - 18. Let p be g(-2). Calculate the highest common divisor of x and p.
8
Let w(o) = -o**2 + 47*o + 41. Let h be w(0). Suppose 14*k - h = 29. Let a = -34 + 54. Calculate the highest common divisor of k and a.
5
Suppose -54 = -25*d + 16*d. Suppose 4*m - 2*w = 84, 22 = -4*m + d*m + 4*w. What is the greatest common divisor of m and 209?
19
Let g = 43073 - 42625. Calculate the greatest common factor of g and 210.
14
Let c = -49945 + 86085. What is the greatest common factor of c and 20?
20
Suppose 2*v - 7*v = 220. Let a = v + 42. Let l be ((-6)/(-9)*-3)/a. What is the greatest common divisor of 9 and l?
1
Let d(l) = l**3 + 6*l**2 - 61*l + 59. Let q be d(9). What is the greatest common divisor of q and 1015?
145
Let j = -650 - -570. Let v be 49 - 8/(j/30). What is the highest common divisor of 20 and v?
4
Let z(y) = 25*y - 2364. Let n be z(96). Let t(i) = 99*i**2 - i + 2. Let d be t(2). Calculate the highest common factor of n and d.
36
Let t(r) = -r + 7. Let c be t(7). Suppose -95*s = -171*s + 1083 + 6517. Suppose c = 96*u - s*u + 56. What is the greatest common factor of 70 and u?
14
Let d = 102 - 114. Let w be (-2576)/d*(4 + -1). Calculate the highest common divisor of w and 28.
28
Suppose 3*g - 2*q - 3 = -17, -4*q + 18 = -g. Let w = g + 9. Suppose -w*f = -12*f + 130. What is the greatest common divisor of 286 and f?
26
Suppose -9*c + 6505 = 6073. What is the highest common factor of c and 228?
12
Let d be 45*(-2 - (-105)/45). Calculate the highest common divisor of 1455 and d.
15
Let j(t) = 38*t**2 + 2*t - 28. Let b be j(-3). Calculate the greatest common divisor of 1386 and b.
154
Suppose n = 2*o - 567 + 16590, -5*o + 80115 = 5*n. Calculate the highest common factor of n and 147.
147
Let g = -89 + 29. Let a be (9 + 0)/((-243)/g + -4). Let n be 2/(2/(-3)) - (-22 + -1). Calculate the highest common divisor of n and a.
20
Let j = -255 + 259. Suppose 3*q + q = -192. Let l be (5/j)/((-6)/q). What is the highest common factor of l and 4?
2
Let a = -24902 + 25189. What is the highest common divisor of a and 3239?
41
Sup